le of 27?
True
Does 41 divide 779?
True
Is 10 a factor of 393?
False
Does 2 divide 47?
False
Is 471 a multiple of 128?
False
Is 4788 a multiple of 84?
True
Does 12 divide 34068?
True
Is 20605 a multiple of 13?
True
Is 19 a factor of 2869?
True
Is 39 a factor of 10305?
False
Is 530 a multiple of 53?
True
Does 279 divide 68477?
False
Is 14 a factor of 5222?
True
Is 27396 a multiple of 18?
True
Does 6 divide 5538?
True
Does 10 divide 2102?
False
Does 7 divide 398?
False
Is 27 a factor of 101925?
True
Does 10 divide 760?
True
Is 14613 a multiple of 17?
False
Is 24 a factor of 17752?
False
Is 235 a multiple of 9?
False
Is 2429 a multiple of 18?
False
Is 3 a factor of 82?
False
Is 19 a factor of 532?
True
Does 33 divide 4863?
False
Does 2 divide 380?
True
Is 25740 a multiple of 18?
True
Is 6 a factor of 17889?
False
Is 47 a factor of 2538?
True
Is 630 a multiple of 34?
False
Is 137 a multiple of 2?
False
Is 463 a multiple of 38?
False
Is 11860 a multiple of 10?
True
Does 23 divide 8602?
True
Does 13 divide 371?
False
Is 10850 a multiple of 31?
True
Is 14 a factor of 2856?
True
Is 704 a multiple of 64?
True
Is 13960 a multiple of 10?
True
Is 249 a factor of 28884?
True
Is 2408 a multiple of 28?
True
Does 42 divide 847?
False
Is 6836 a multiple of 9?
False
Is 72 a factor of 16704?
True
Is 37 a factor of 3182?
True
Is 3093 a multiple of 126?
False
Is 2826 a multiple of 6?
True
Does 19 divide 19?
True
Does 12 divide 1008?
True
Is 5 a factor of 207?
False
Is 768 a multiple of 28?
False
Is 11 a factor of 18509?
False
Is 61 a factor of 45079?
True
Does 43 divide 1075?
True
Is 8680 a multiple of 8?
True
Is 13 a factor of 1451?
False
Does 3 divide 13131?
True
Is 42 a multiple of 7?
True
Does 95 divide 3895?
True
Is 73556 a multiple of 14?
True
Is 3 a factor of 212?
False
Does 89 divide 5696?
True
Is 5 a factor of 110?
True
Does 13 divide 11739?
True
Is 25 a factor of 125?
True
Is 10 a factor of 3242?
False
Does 7 divide 322?
True
Does 56 divide 25816?
True
Is 26 a factor of 6201?
False
Does 63 divide 1751?
False
Is 1372 a multiple of 28?
True
Is 27 a factor of 2619?
True
Is 7 a factor of 1396?
False
Is 12 a factor of 50293?
False
Is 14 a factor of 961?
False
Does 5 divide 577?
False
Does 102 divide 5916?
True
Does 26 divide 208?
True
Is 3801 a multiple of 3?
True
Is 11367 a multiple of 27?
True
Is 2880 a multiple of 8?
True
Is 152 a factor of 152?
True
Is 27 a factor of 918?
True
Is 672 a multiple of 42?
True
Is 12 a factor of 16980?
True
Does 43 divide 363?
False
Is 19 a factor of 1244?
False
Does 98 divide 4022?
False
Does 11 divide 3124?
True
Is 25 a factor of 533?
False
Is 8838 a multiple of 5?
False
Is 201 a factor of 33768?
True
Does 15 divide 46245?
True
Does 103 divide 824?
True
Is 35560 a multiple of 8?
True
Is 5882 a multiple of 13?
False
Is 12 a factor of 314?
False
Is 5790 a multiple of 15?
True
Is 15405 a multiple of 56?
False
Does 14 divide 3150?
True
Is 5192 a multiple of 22?
True
Is 275 a multiple of 25?
True
Is 3584 a multiple of 46?
False
Does 21 divide 845?
False
Is 14 a factor of 42266?
True
Does 28 divide 7182?
False
Is 14 a factor of 4574?
False
Does 138 divide 29118?
True
Is 2682 a multiple of 6?
True
Is 776 a multiple of 8?
True
Is 2 a factor of 4028?
True
Is 28 a factor of 12811?
False
Does 39 divide 34671?
True
Does 3 divide 6372?
True
Is 248 a multiple of 8?
True
Is 44772 a multiple of 156?
True
Is 30494 a multiple of 24?
False
Is 13574 a multiple of 24?
False
Does 61 divide 1037?
True
Does 38 divide 377?
False
Does 9 divide 16272?
True
Is 10980 a multiple of 3?
True
Is 47 a factor of 2377?
False
Does 29 divide 174?
True
Is 16 a factor of 12560?
True
Is 1070 a multiple of 9?
False
Is 11753 a multiple of 57?
False
Is 455 a multiple of 109?
False
Does 15 divide 148?
False
Does 93 divide 12008?
False
Does 43 divide 430?
True
Is 3432 a multiple of 156?
True
Is 51 a factor of 2397?
True
Is 18 a factor of 54?
True
Does 120 divide 45360?
True
Is 3 a factor of 453?
True
Is 8 a factor of 2633?
False
Does 90 divide 6120?
True
Is 12025 a multiple of 25?
True
Does 17 divide 6698?
True
Does 95 divide 437?
False
Is 57 a factor of 521?
False
Is 14 a factor of 56?
True
Does 12 divide 6672?
True
Does 2 divide 191?
False
Is 355 a factor of 13490?
True
Does 19 divide 15282?
False
Is 2523 a multiple of 57?
False
Is 1421 a multiple of 49?
True
Does 12 divide 5784?
True
Is 6300 a multiple of 126?
True
Does 20 divide 1760?
True
Is 13 a factor of 139633?
True
Is 4028 a multiple of 53?
True
Does 12 divide 2412?
True
Is 34 a factor of 1285?
False
Is 72 a factor of 6413?
False
Does 72 divide 2448?
True
Is 1627 a multiple of 22?
False
Is 13 a factor of 96?
False
Is 141 a multiple of 11?
False
Is 36 a multiple of 18?
True
Is 20 a factor of 8725?
False
Is 12 a factor of 1356?
True
Is 144 a multiple of 36?
True
Is 14196 a multiple of 91?
True
Does 16 divide 1312?
True
Does 4 divide 40?
True
Is 40 a factor of 240?
True
Is 5589 a multiple of 23?
True
Is 69 a multiple of 11?
False
Is 212 a multiple of 51?
False
Is 21152 a multiple of 32?
True
Does 16 divide 6288?
True
Is 20 a factor of 21356?
False
Is 41 a factor of 17566?
False
Does 26 divide 4316?
True
Is 12 a factor of 50536?
False
Is 15 a factor of 1080?
True
Does 8 divide 96?
True
Is 17544 a multiple of 51?
True
Is 37698 a multiple of 112?
False
Does 48 divide 3197?
False
Is 14 a factor of 770?
True
Is 18674 a multiple of 13?
False
Is 151 a factor of 48654?
False
Is 24 a factor of 7800?
True
Is 7367 a multiple of 3?
False
Is 29 a factor of 1410?
False
Is 64 a factor of 4160?
True
Is 119 a factor of 16303?
True
Does 30 divide 11334?
False
Is 144 a multiple of 16?
True
Is 55653 a multiple of 136?
False
Is 4 a factor of 9281?
False
Is 716 a multiple of 2?
True
Is 7 a factor of 2683?
False
Does 13 divide 61473?
False
Does 41 divide 13202?
True
Is 56 a factor of 3192?
True
Does 8 divide 143?
False
Does 7 divide 7500?
False
Is 278 a multiple of 16?
False
Is 110 a factor of 6953?
False
Is 30 a factor of 698?
False
Is 15 a factor of 1316?
False
Does 28 divide 1120?
True
Is 3 a factor of 8279?
False
Is 37502 a multiple of 17?
True
Is 114950 a multiple of 38?
True
Is 4416 a multiple of 16?
True
Does 79 divide 13593?
False
Is 1014 a multiple of 78?
True
Is 3003 a multiple of 79?
False
Is 42 a factor of 8190?
True
Does 20 divide 241?
False
Is 25 a factor of 2425?
True
Does 38 divide 12030?
False
Is 35 a factor of 630?
True
Is 8 a factor of 13959?
False
Is 9 a factor of 1922?
False
Is 15 a factor of 7965?
True
Is 459 a multiple of 3?
True
Is 29214 a multiple of 27?
True
Is 2496 a multiple of 26?
True
Is 38 a factor of 22387?
False
Does 6 divide 594?
True
Does 34 divide 49483?
False
Is 19 a multiple of 3?
False
Is 9063 a multiple of 57?
True
Is 30 a multiple of 6?
True
Is 34 a factor of 12172?
True
Is 2734 a multiple of 2?
True
Does 3 divide 336?
True
Does 25 divide 2125?
True
Is 895 a multiple of 5?
True
Is 14116 a multiple of 10?
False
Does 9 divide 414?
True
Is 14 a factor of 585?
False
Is 1209 a multiple of 39?
True
Is 484 a multiple of 9?
False
Does 23 divide 5796?
True
Is 410 even?
True
Is 10708 a multiple of 5?
False
Does 48 divide 336?
True
Is 13 a factor of 1950?
True
Does 77 divide 1378?
False
Is 13 a factor of 464?
False
Is 16 a factor of 35178?
False
Is 26 a factor of 12733?
False
Does 21 divide 1008?
True
Is 748 a multiple of 68?
True
Is 14 a factor of 63462?
True
Does 122 divide 3898?
False
Is 49 a factor of 51695?
True
Is 16 a factor of 1824?
True
Does 41 divide 574?
True
Is 738 a multiple of 3?
True
Is 42 a multiple of 3?
True
Is 685 a multiple of 62?
False
Does 45 divide 7871?
False
Does 53 divide 26394?
True
Does 23 divide 5146?
False
Does 35 divide 1355?
False
Does 5 divide 1497?
False
Does 6 divide 618?
True
Is 347 a factor of 87791?
True
Is 9 a factor of 308?
False
Does 12 divide 852?
True
Is 66 a factor of 66?
True
Is 728 a multiple of 13?
True
Does 48 divide 22904?
False
Is 9 a factor of 705?
False
Does 12 divide 84?
True
Does 97 divide 66115?
False
Is 18094 a multiple of 6?
False
Does 3 divide 7290?
True
Does 40 divide 1353?
False
Is 4 a factor of 1836?
True
Is 45226 a multiple of 96?
False
Does 142 divide 4544?
True
Is 693 a multiple of 21?
True
Is 24256 a multiple of 16?
True
Is 2398 a multipl